 = 2*v + v**2 - 5*v + v - 1. Let w be z(-4). Suppose -2*b + w = -b. What is the tens digit of b?
2
Suppose 0 = -v + 3. Suppose -2*a = -v*a + 5. Let o(p) = 7*p - 7. What is the units digit of o(a)?
8
Suppose 5*n - 7 = 13. Let p(k) = -2*k + 3. Let f be p(-4). Suppose -m + n = -f. What is the tens digit of m?
1
Let l(o) be the second derivative of 7*o**4/12 - o**2/2 + 6*o. Let r be l(1). Suppose -74 + 224 = r*w. What is the units digit of w?
5
Suppose 2*l = -d + 314, 3*l - 409 - 44 = 3*d. Let p = l - 109. What is the units digit of p?
6
Suppose 0 = 4*k - 167*q + 162*q - 15121, 0 = 3*k - 5*q - 11337. What is the hundreds digit of k?
7
Let k be 34/(-289) + 12176/34. Suppose -5*z + 3*b = -578, -3*z - 5*b = -4*b - k. What is the hundreds digit of z?
1
Let c(i) = -5*i**3 + 2*i**2 + 4*i + 3. Let k(m) = -10*m**3 + 4*m**2 + 8*m + 6. Let u(s) = 5*c(s) - 2*k(s). What is the tens digit of u(-2)?
4
Suppose -5*t + 357 = -m - 116, 0 = 3*m - 6. Let w be t/(-2) + (-6)/(-4). Let b = 77 + w. What is the units digit of b?
1
Let v(i) be the second derivative of -5*i**3/3 - 2*i**2 - i. Let c be v(-2). Suppose c*j = 11*j + 30. What is the units digit of j?
6
Suppose -2*d + 0*r - 3*r - 19 = 0, 2*d - 2*r = 6. Let a = 5 - d. Suppose k + 3*o = -3*k + a, 0 = -5*k - o + 6. What is the units digit of k?
1
Suppose 0 = -5*x + 1 + 19. Suppose -5*f + 8 + 33 = -x*g, 5*g + 20 = 0. Suppose -f*o = -8*o + 108. What is the units digit of o?
6
Let g be (-183)/21 - 4/14. What is the units digit of (g/6)/(2/4) + 173?
0
Suppose -3*m - 20 = -5*v - 69, 0 = 2*m + 5*v - 41. Let p = m + -12. What is the units digit of p?
6
Suppose 5*h - 5*u = -400, 3*u = -h - 0*u - 100. Let f = 152 + h. What is the units digit of f?
7
Suppose 27*c - 6461 = 9955. What is the hundreds digit of c?
6
Let p(w) = 189*w**3 - w**2 + 3*w - 2. Suppose 8*v + 8 = 16. What is the tens digit of p(v)?
8
Let w(s) = 8*s**3 - 2*s**2 - 12*s - 12. What is the tens digit of w(5)?
7
Let o = 12 + -2. Suppose 4*m + 5*c - o = 2, -2*c = 5*m + 2. Let i(y) = 2*y**2 + 1. What is the units digit of i(m)?
9
Suppose r - 2044 - 1072 = -m, 5*m = r - 3146. What is the hundreds digit of r?
1
Let v(g) be the first derivative of 21*g**4/4 + 2*g**3/3 + g**2/2 - 28. What is the units digit of v(2)?
8
Let p = 200 + 97. Suppose 0 = -4*f - 12, 4*r - 7*r = 4*f - p. What is the tens digit of r?
0
Let x be (-1)/(((-192)/(-50))/(-4) + 1). Let i = 2 - x. What is the units digit of i?
7
Suppose -4*k = 2*u - 76, 5*u - 3*k - 152 = u. Suppose -2*b + 2*z + 39 = 7, -5*z + 10 = b. Suppose f - u = -b. What is the units digit of f?
3
Let f(d) = 6*d**2 + 2*d + 89. What is the tens digit of f(0)?
8
Suppose -c - 2882 = -7*a + a, -a - 3*c = -474. What is the tens digit of a?
8
Let x(i) = -i**3 - 7*i**2 - i + 2. Let b be x(-8). Suppose 0 = 5*f + 25, -235 = -2*v + 5*f - b. Suppose 0 = -7*h + v + 86. What is the tens digit of h?
2
Suppose k - 2*k + 8 = -4*z, 0 = -k - 3*z + 15. Suppose -14*a + 4 = -k*a. What is the tens digit of ((-1)/2)/(a/(-68))?
1
Let q be 8/6*24/(-16). Let s be q/7 - 11790/(-105). Let a = s + -54. What is the units digit of a?
8
Let c(n) be the second derivative of -6*n + 0 + 3/2*n**2 - 1/2*n**3. What is the units digit of c(-6)?
1
Let d(m) = 15*m. Suppose 6*b + 1 = 19. Let q = -1 + b. What is the units digit of d(q)?
0
Let o(j) = -j - 9. Let c be o(-8). Let b be -4 + 3 + 2 + c. Suppose b = -4*q - 4*z + 192, z + z = 4*q - 198. What is the units digit of q?
9
Suppose -10*t = -17859 + 5339. What is the thousands digit of t?
1
Suppose 13340 = -204*l + 214*l. What is the tens digit of l?
3
Suppose -a + 8*a - 8631 = 0. What is the tens digit of a?
3
Let j(b) = b**2 - 17*b + 16. Let k be j(16). Suppose -20*x + 24*x - 8 = k. What is the units digit of x?
2
What is the units digit of -2 - 1 - (3 - 2 - 246)?
2
Suppose -5*k = -5*r - 20, 0*k = 5*k - 2*r - 20. Suppose -1189 = -k*u - 5005. What is the tens digit of 2/10 - u/30?
3
Let k be 1/(1 - 5) - (-117)/52. Let w(y) = 13*y**3 + 2*y**2 - 2. What is the units digit of w(k)?
0
Let r = 1239 - -344. What is the hundreds digit of r?
5
Suppose 2*n - 3*q + 930 - 2381 = 0, 3*n - 3*q = 2172. What is the tens digit of n?
2
Let c = -261 - -566. What is the hundreds digit of c?
3
Let u = -91 + 132. Let r = -7 + u. What is the units digit of r?
4
Let k = -519 + 670. What is the tens digit of k?
5
Let b = 69 - 73. Let l be (2 + -3)*141/(-3). Let v = b + l. What is the units digit of v?
3
Suppose 2690 = 5*t + 5*h, -7*t + 3*t - 3*h = -2154. Suppose -t = 3*p - 7*p. What is the units digit of p?
5
Suppose 0 = c - 2 - 2, 4*v - 844 = 4*c. What is the units digit of v?
5
Let s(y) be the first derivative of -y**4/4 - 3*y**3 - 3*y**2 + 8*y - 8. Let z be s(-7). What is the tens digit of ((-2)/(-4))/((-1)/z)?
2
Let c = -26 + 28. Suppose 0 = 2*m + c*x - 8, -2*m = -0*m - x - 11. What is the tens digit of m/((-5)/(-23))*1?
2
Suppose -190 = -a + 209. What is the tens digit of a?
9
Let s(t) = 4*t**2 - 2*t + 78. What is the units digit of s(-18)?
0
Let j be (18/(-63))/(3/(-42)). What is the tens digit of (18/j)/((-12)/(-72))?
2
Suppose -2*q = x - 10 - 1, -q - 2*x = -10. Let i be q/7 - (-12790)/35. What is the tens digit of (8/12)/(4/i)?
6
Let d = 17301 - 12329. What is the units digit of d?
2
Let n(r) = r**2 + r + 5. Let v be n(0). Suppose 10 = 3*a - v*q - 53, -29 = -a - q. What is the units digit of a?
6
Let l(j) = j + 128. Let d be l(0). Let u(v) = -v**2 + 11*v + 1. Let k be u(11). What is the units digit of ((-5)/(-10))/(k/d)?
4
What is the units digit of (5 - 48/6) + 49?
6
Let k(v) = -36*v**3 - 8*v - 12. What is the hundreds digit of k(-2)?
2
Suppose 5*v + 60 = -10. Let t = v - -14. What is the units digit of 3*(t - 60/(-9))?
0
Let n(o) = -o**3 + 8*o**2 - 8*o + 10. Let v be n(7). Suppose 4*d = -m - 2*m - 74, 0 = -2*m - v*d - 50. Let t = m - -38. What is the tens digit of t?
1
Let k = 136 + 326. What is the tens digit of k?
6
Let g = 29 - 9. Let k = 67 - g. What is the units digit of k?
7
Let m(x) = -84*x + 4. Let r = 58 - 59. What is the tens digit of m(r)?
8
Let l(s) = 387*s + 96. What is the thousands digit of l(5)?
2
Suppose 7 = 2*s - 5*m, 0 = -4*s + s + 2*m + 5. Let v(r) = 4*r**2 - 1. Let g be v(s). What is the units digit of (2 - g) + 7 + -3?
3
Let f be (40/6 + 0)*(-435)/58. Let w = 157 + f. What is the tens digit of w?
0
Let g(q) = 3 - 2 - 14*q + 0 + 0. Let h be g(-1). Suppose -d + h = z, -3*d + 15 + 11 = 2*z. What is the units digit of z?
9
Suppose -2*n + 7*n - 155 = 0. Let f = 70 - n. Suppose -3*p + 4*p = -3*r + 39, 3*r + 2*p - f = 0. What is the tens digit of r?
1
Suppose 0 = -5*d + d + 5*c + 17, c = 3. Suppose 2*g + g = -2*f + 29, -g + f + d = 0. Suppose 12*w - 6 = g*w. What is the units digit of w?
2
Suppose 4*p - 13599 = w, -11924 = -5*p + w + 5075. What is the hundreds digit of p?
4
Suppose -4*p - 2 = -18. Suppose -3*a = 2*h - 221, -p*a - 5*h + 296 = -3*h. Suppose a = 3*o - 81. What is the tens digit of o?
5
What is the tens digit of 23/(2*(-1)/(-22))?
5
Let w = 403 - 283. Let h = -50 + w. What is the tens digit of h?
7
Let h = 314 + -200. Let p = -37 + h. What is the tens digit of p?
7
Suppose -5*n + 2609 = 22*w - 20*w, 4*n - 3*w = 2101. What is the hundreds digit of n?
5
Let t(n) = 50*n**2 - 29*n - 12. What is the tens digit of t(6)?
1
Let u be ((-1)/((-5)/745))/(-1). Let b = -94 - u. What is the units digit of b?
5
Let f(l) = 17*l - 98. What is the hundreds digit of f(19)?
2
Let v(a) = -6*a. Let z be v(-2). What is the units digit of (-4)/z - (-368)/6?
1
Suppose -4*m - 20 = 0, -16*m = f - 13*m - 2053. What is the thousands digit of f?
2
Suppose -2*r = -9*r + 2366. What is the tens digit of r?
3
Let v(l) be the second derivative of 2*l**3/3 - l. Let o be v(4). Suppose 0*c + o = -c - 5*a, a = -2*c + 13. What is the units digit of c?
9
Let l be (-15 - 1/1)/(2/(-151)). Suppose 3*x - l = -x. What is the hundreds digit of x?
3
Suppose 0 = 10*d - 6*d - 592. What is the units digit of d?
8
Suppose -62*o = -109*o + 132399. What is the tens digit of o?
1
Let q = -3887 - -6532. What is the tens digit of q?
4
Suppose 2*o - 44 = -4*c, -4*o - 6*c + 4*c = -58. Let h = o + 6. Suppose h - 1 = x. What is the units digit of x?
7
Suppose 0 = -0*l + 40*l - 7120. What is the hundreds digit of l?
1
Suppose -7021 = -15*x - 2*x. What is the un